{"id":48,"date":"2025-03-14T18:00:25","date_gmt":"2025-03-14T17:00:25","guid":{"rendered":"https:\/\/estpab.fr\/?page_id=48"},"modified":"2025-03-16T13:04:22","modified_gmt":"2025-03-16T12:04:22","slug":"amicale-des-orchestres-de-la-ville-du-havre","status":"publish","type":"page","link":"https:\/\/estpab.fr\/?page_id=48","title":{"rendered":"Amicale des Orchestres de la ville du Havre"},"content":{"rendered":"\n<p>L\u2019Amicale des Orchestres du Havre est une association dont le but est de promouvoir les orchestres d\u2019harmonie et les formations d\u00e9riv\u00e9es de la ville du Havre. Ayant \u00e9t\u00e9 graphiste pendant un semestre dans cette association, j\u2019ai eu \u00e0 renouveler le logo, \u00e0 cr\u00e9er des supports visuels faisant la promotion des manifestations annuelles (voyages, f\u00eate de la Sainte-C\u00e9cile, f\u00eate de la musique&#8230;) des \u00e9co-cups, des cl\u00e9s usb\u2026&nbsp;<\/p>\n\n\n\n<figure data-wp-context=\"{&quot;imageId&quot;:&quot;69d2894b3f55c&quot;}\" data-wp-interactive=\"core\/image\" data-wp-key=\"69d2894b3f55c\" class=\"wp-block-image size-large wp-lightbox-container\"><img loading=\"lazy\" decoding=\"async\" width=\"1024\" height=\"551\" data-wp-class--hide=\"state.isContentHidden\" data-wp-class--show=\"state.isContentVisible\" data-wp-init=\"callbacks.setButtonStyles\" data-wp-on--click=\"actions.showLightbox\" data-wp-on--load=\"callbacks.setButtonStyles\" data-wp-on-window--resize=\"callbacks.setButtonStyles\" src=\"https:\/\/estpab.fr\/wp-content\/uploads\/2025\/03\/Capturedcran2025-03-14175810-2-1024x551.png\" alt=\"\" class=\"wp-image-63\" srcset=\"https:\/\/estpab.fr\/wp-content\/uploads\/2025\/03\/Capturedcran2025-03-14175810-2-1024x551.png 1024w, https:\/\/estpab.fr\/wp-content\/uploads\/2025\/03\/Capturedcran2025-03-14175810-2-300x161.png 300w, https:\/\/estpab.fr\/wp-content\/uploads\/2025\/03\/Capturedcran2025-03-14175810-2-768x413.png 768w, https:\/\/estpab.fr\/wp-content\/uploads\/2025\/03\/Capturedcran2025-03-14175810-2-1536x826.png 1536w, https:\/\/estpab.fr\/wp-content\/uploads\/2025\/03\/Capturedcran2025-03-14175810-2.png 1686w\" sizes=\"auto, (max-width: 1024px) 100vw, 1024px\" \/><button\n\t\t\tclass=\"lightbox-trigger\"\n\t\t\ttype=\"button\"\n\t\t\taria-haspopup=\"dialog\"\n\t\t\taria-label=\"Agrandir\"\n\t\t\tdata-wp-init=\"callbacks.initTriggerButton\"\n\t\t\tdata-wp-on--click=\"actions.showLightbox\"\n\t\t\tdata-wp-style--right=\"state.imageButtonRight\"\n\t\t\tdata-wp-style--top=\"state.imageButtonTop\"\n\t\t>\n\t\t\t<svg xmlns=\"http:\/\/www.w3.org\/2000\/svg\" width=\"12\" height=\"12\" fill=\"none\" viewBox=\"0 0 12 12\">\n\t\t\t\t<path fill=\"#fff\" d=\"M2 0a2 2 0 0 0-2 2v2h1.5V2a.5.5 0 0 1 .5-.5h2V0H2Zm2 10.5H2a.5.5 0 0 1-.5-.5V8H0v2a2 2 0 0 0 2 2h2v-1.5ZM8 12v-1.5h2a.5.5 0 0 0 .5-.5V8H12v2a2 2 0 0 1-2 2H8Zm2-12a2 2 0 0 1 2 2v2h-1.5V2a.5.5 0 0 0-.5-.5H8V0h2Z\" \/>\n\t\t\t<\/svg>\n\t\t<\/button><figcaption class=\"wp-element-caption\">L\u2019identit\u00e9 communique l\u2019Harmonie de l\u2019association donn\u00e9e par le \u201cla\u201d du chef d\u2019orchestre.<\/figcaption><\/figure>\n\n\n\n<figure data-wp-context=\"{&quot;imageId&quot;:&quot;69d2894b3f9cd&quot;}\" data-wp-interactive=\"core\/image\" data-wp-key=\"69d2894b3f9cd\" class=\"wp-block-image size-large wp-lightbox-container\"><img loading=\"lazy\" decoding=\"async\" width=\"482\" height=\"1024\" data-wp-class--hide=\"state.isContentHidden\" data-wp-class--show=\"state.isContentVisible\" data-wp-init=\"callbacks.setButtonStyles\" data-wp-on--click=\"actions.showLightbox\" data-wp-on--load=\"callbacks.setButtonStyles\" data-wp-on-window--resize=\"callbacks.setButtonStyles\" src=\"https:\/\/estpab.fr\/wp-content\/uploads\/2025\/03\/Plan-de-travail-\u2013-5-482x1024.png\" alt=\"\" class=\"wp-image-64\" srcset=\"https:\/\/estpab.fr\/wp-content\/uploads\/2025\/03\/Plan-de-travail-\u2013-5-482x1024.png 482w, https:\/\/estpab.fr\/wp-content\/uploads\/2025\/03\/Plan-de-travail-\u2013-5-141x300.png 141w, https:\/\/estpab.fr\/wp-content\/uploads\/2025\/03\/Plan-de-travail-\u2013-5-768x1633.png 768w, https:\/\/estpab.fr\/wp-content\/uploads\/2025\/03\/Plan-de-travail-\u2013-5-723x1536.png 723w, https:\/\/estpab.fr\/wp-content\/uploads\/2025\/03\/Plan-de-travail-\u2013-5-963x2048.png 963w\" sizes=\"auto, (max-width: 482px) 100vw, 482px\" \/><button\n\t\t\tclass=\"lightbox-trigger\"\n\t\t\ttype=\"button\"\n\t\t\taria-haspopup=\"dialog\"\n\t\t\taria-label=\"Agrandir\"\n\t\t\tdata-wp-init=\"callbacks.initTriggerButton\"\n\t\t\tdata-wp-on--click=\"actions.showLightbox\"\n\t\t\tdata-wp-style--right=\"state.imageButtonRight\"\n\t\t\tdata-wp-style--top=\"state.imageButtonTop\"\n\t\t>\n\t\t\t<svg xmlns=\"http:\/\/www.w3.org\/2000\/svg\" width=\"12\" height=\"12\" fill=\"none\" viewBox=\"0 0 12 12\">\n\t\t\t\t<path fill=\"#fff\" d=\"M2 0a2 2 0 0 0-2 2v2h1.5V2a.5.5 0 0 1 .5-.5h2V0H2Zm2 10.5H2a.5.5 0 0 1-.5-.5V8H0v2a2 2 0 0 0 2 2h2v-1.5ZM8 12v-1.5h2a.5.5 0 0 0 .5-.5V8H12v2a2 2 0 0 1-2 2H8Zm2-12a2 2 0 0 1 2 2v2h-1.5V2a.5.5 0 0 0-.5-.5H8V0h2Z\" \/>\n\t\t\t<\/svg>\n\t\t<\/button><\/figure>\n","protected":false},"excerpt":{"rendered":"<p>L\u2019Amicale des Orchestres du Havre est une association dont le but est de promouvoir les orchestres d\u2019harmonie et les formations d\u00e9riv\u00e9es de la ville du Havre. Ayant \u00e9t\u00e9 graphiste pendant un semestre dans cette association, j\u2019ai eu \u00e0 renouveler le logo, \u00e0 cr\u00e9er des supports visuels faisant la promotion des manifestations annuelles (voyages, f\u00eate de [&hellip;]<\/p>\n","protected":false},"author":1,"featured_media":0,"parent":0,"menu_order":0,"comment_status":"closed","ping_status":"closed","template":"","meta":{"_vp_format_video_url":"","_vp_image_focal_point":[],"footnotes":""},"class_list":["post-48","page","type-page","status-publish","hentry"],"_links":{"self":[{"href":"https:\/\/estpab.fr\/index.php?rest_route=\/wp\/v2\/pages\/48","targetHints":{"allow":["GET"]}}],"collection":[{"href":"https:\/\/estpab.fr\/index.php?rest_route=\/wp\/v2\/pages"}],"about":[{"href":"https:\/\/estpab.fr\/index.php?rest_route=\/wp\/v2\/types\/page"}],"author":[{"embeddable":true,"href":"https:\/\/estpab.fr\/index.php?rest_route=\/wp\/v2\/users\/1"}],"replies":[{"embeddable":true,"href":"https:\/\/estpab.fr\/index.php?rest_route=%2Fwp%2Fv2%2Fcomments&post=48"}],"version-history":[{"count":3,"href":"https:\/\/estpab.fr\/index.php?rest_route=\/wp\/v2\/pages\/48\/revisions"}],"predecessor-version":[{"id":106,"href":"https:\/\/estpab.fr\/index.php?rest_route=\/wp\/v2\/pages\/48\/revisions\/106"}],"wp:attachment":[{"href":"https:\/\/estpab.fr\/index.php?rest_route=%2Fwp%2Fv2%2Fmedia&parent=48"}],"curies":[{"name":"wp","href":"https:\/\/api.w.org\/{rel}","templated":true}]}}